{"version":"1.0","provider_name":"La Baldufa Teatre","provider_url":"https:\/\/www.labaldufateatre.com\/es","title":"\u00a1Guillermo Tell en Lleida! - La Baldufa Teatre","type":"rich","width":600,"height":338,"html":"<blockquote class=\"wp-embedded-content\" data-secret=\"DfNM1Cqz8d\"><a href=\"https:\/\/www.labaldufateatre.com\/es\/el-guillem-tell-a-lleida\/\">\u00a1Guillermo Tell en Lleida!<\/a><\/blockquote><iframe sandbox=\"allow-scripts\" security=\"restricted\" src=\"https:\/\/www.labaldufateatre.com\/es\/el-guillem-tell-a-lleida\/embed\/#?secret=DfNM1Cqz8d\" width=\"600\" height=\"338\" title=\"\u00ab\u00a1Guillermo Tell en Lleida!\u00bb \u2014 La Baldufa Teatre\" data-secret=\"DfNM1Cqz8d\" frameborder=\"0\" marginwidth=\"0\" marginheight=\"0\" scrolling=\"no\" class=\"wp-embedded-content\"><\/iframe><script type=\"text\/javascript\">\n\/* <![CDATA[ *\/\n\/*! This file is auto-generated *\/\n!function(d,l){\"use strict\";l.querySelector&&d.addEventListener&&\"undefined\"!=typeof URL&&(d.wp=d.wp||{},d.wp.receiveEmbedMessage||(d.wp.receiveEmbedMessage=function(e){var t=e.data;if((t||t.secret||t.message||t.value)&&!\/[^a-zA-Z0-9]\/.test(t.secret)){for(var s,r,n,a=l.querySelectorAll('iframe[data-secret=\"'+t.secret+'\"]'),o=l.querySelectorAll('blockquote[data-secret=\"'+t.secret+'\"]'),c=new RegExp(\"^https?:$\",\"i\"),i=0;i<o.length;i++)o[i].style.display=\"none\";for(i=0;i<a.length;i++)s=a[i],e.source===s.contentWindow&&(s.removeAttribute(\"style\"),\"height\"===t.message?(1e3<(r=parseInt(t.value,10))?r=1e3:~~r<200&&(r=200),s.height=r):\"link\"===t.message&&(r=new URL(s.getAttribute(\"src\")),n=new URL(t.value),c.test(n.protocol))&&n.host===r.host&&l.activeElement===s&&(d.top.location.href=t.value))}},d.addEventListener(\"message\",d.wp.receiveEmbedMessage,!1),l.addEventListener(\"DOMContentLoaded\",function(){for(var e,t,s=l.querySelectorAll(\"iframe.wp-embedded-content\"),r=0;r<s.length;r++)(t=(e=s[r]).getAttribute(\"data-secret\"))||(t=Math.random().toString(36).substring(2,12),e.src+=\"#?secret=\"+t,e.setAttribute(\"data-secret\",t)),e.contentWindow.postMessage({message:\"ready\",secret:t},\"*\")},!1)))}(window,document);\n\/\/# sourceURL=https:\/\/www.labaldufateatre.com\/es\/wp-includes\/js\/wp-embed.min.js\n\/* ]]> *\/\n<\/script>\n","thumbnail_url":"https:\/\/www.labaldufateatre.com\/es\/wp-content\/uploads\/sites\/2\/4236-0107-\u00a9-A-Bofill2-286x147.jpg","thumbnail_width":286,"thumbnail_height":147,"description":"Domingo, d\u00eda 20 de enero, a las 18h, Guillermo Tell, espect\u00e1culo producido por el Gran Teatre del Liceu, estar\u00e1 en..."}

Domingo, día 20 de enero, a las 18h, Guillermo Tell, espectáculo producido por el Gran Teatre del Liceu, estará en...
